rue
Is 295211327 composite?
False
Is 9821237 composite?
True
Is 34622033 a composite number?
True
Is 2224429 composite?
False
Is 114307841 a composite number?
False
Is 70362359 prime?
False
Is 22115347 a prime number?
False
Is 11040163 prime?
True
Is 36801647 prime?
True
Is 5094181 composite?
False
Is 432121 composite?
False
Is 35691833 prime?
True
Is 390997729 a prime number?
False
Is 460606409 prime?
False
Is 7347211 a composite number?
True
Is 2285897 prime?
False
Is 29094878 a prime number?
False
Is 536489 composite?
True
Is 170392297 a composite number?
True
Is 2859169 prime?
False
Is 9955819 prime?
True
Is 687885241 a prime number?
False
Is 1928231 prime?
False
Is 59885729 composite?
True
Is 509451757 prime?
True
Is 12913123 prime?
True
Is 17957237 a prime number?
True
Is 255368317 prime?
True
Is 49829503 composite?
True
Is 266739695 composite?
True
Is 6662527 a prime number?
False
Is 1302991 prime?
True
Is 349052897 composite?
False
Is 1042557 a composite number?
True
Is 25224743 composite?
False
Is 51605113 composite?
True
Is 16524461 composite?
True
Is 635563 a composite number?
False
Is 14424099 composite?
True
Is 5922559 a prime number?
False
Is 7209185 a prime number?
False
Is 53538983 a prime number?
False
Is 103854953 a composite number?
True
Is 1897003 a composite number?
True
Is 10086437 a composite number?
False
Is 17798333 a prime number?
False
Is 296519 a prime number?
True
Is 22497911 a prime number?
True
Is 253105943 composite?
True
Is 104726063 a composite number?
True
Is 13862707 a composite number?
False
Is 6280139 a prime number?
True
Is 545930837 composite?
False
Is 130109249 prime?
True
Is 31270097 a prime number?
True
Is 12780421 composite?
True
Is 1560696199 prime?
False
Is 265322039 composite?
False
Is 3182791 prime?
False
Is 25877227 a prime number?
True
Is 39438011 a composite number?
True
Is 115998677 a composite number?
False
Is 25385669 composite?
False
Is 2296577 prime?
True
Is 13367909 composite?
True
Is 240641 prime?
True
Is 83597011 a prime number?
False
Is 152671787 prime?
True
Is 9544849 a composite number?
False
Is 237811279 a composite number?
False
Is 908903 composite?
True
Is 673747 a composite number?
False
Is 24773537 a composite number?
True
Is 6413699 a composite number?
False
Is 15088057 prime?
False
Is 406781 a composite number?
True
Is 3532339 a prime number?
False
Is 176902607 prime?
False
Is 58103371 a composite number?
True
Is 30065323 prime?
False
Is 29729491 composite?
True
Is 75827783 a prime number?
True
Is 78559519 prime?
False
Is 30503243 a prime number?
False
Is 88721 composite?
False
Is 36803179 a prime number?
False
Is 505523983 composite?
True
Is 610599805 a composite number?
True
Is 3843097 a prime number?
True
Is 8221 prime?
True
Is 173463977 a prime number?
False
Is 23591861 a composite number?
True
Is 247051543 composite?
False
Is 477721 composite?
False
Is 16279493 prime?
True
Is 232825891 a composite number?
True
Is 14875007 a prime number?
False
Is 15762211 composite?
False
Is 56554 a composite number?
True
Is 413882237 prime?
True
Is 916071413 a prime number?
True
Is 1339021 composite?
True
Is 33957323 a composite number?
False
Is 152227909 a composite number?
False
Is 8216347 prime?
True
Is 54789271 prime?
True
Is 1923697 a prime number?
False
Is 21790721 a prime number?
False
Is 201685259 a composite number?
False
Is 120341693 prime?
True
Is 3730537 a composite number?
False
Is 2642513 a composite number?
False
Is 1026119 composite?
False
Is 21019591 a composite number?
True
Is 40584059 a prime number?
True
Is 19158089 a prime number?
False
Is 363659 composite?
False
Is 4406767 composite?
True
Is 34104089 composite?
True
Is 29817701 composite?
True
Is 11644199 prime?
False
Is 1305181 composite?
True
Is 109194287 a prime number?
False
Is 17208599 a prime number?
True
Is 96749 a prime number?
True
Is 798283 prime?
False
Is 89043601 prime?
False
Is 7769686 a composite number?
True
Is 17973209 prime?
True
Is 1438882 prime?
False
Is 130271549 a composite number?
False
Is 1991393 prime?
False
Is 30678413 prime?
True
Is 12253859 prime?
True
Is 3934783 composite?
False
Is 116134255 a prime number?
False
Is 44617103 a prime number?
False
Is 12822297 composite?
True
Is 1932317 prime?
True
Is 19954673 prime?
True
Is 2339879 prime?
True
Is 89130749 a composite number?
False
Is 5041601 prime?
True
Is 168053239 composite?
True
Is 3236069 prime?
False
Is 24814331 a prime number?
True
Is 656113 composite?
False
Is 93753187 a composite number?
True
Is 1271071 a composite number?
True
Is 75967 a composite number?
False
Is 112157943 prime?
False
Is 977573 a prime number?
False
Is 4216097 prime?
False
Is 660778957 composite?
False
Is 1452109 a prime number?
True
Is 723529 prime?
True
Is 4107143 composite?
False
Is 992557 a prime number?
False
Is 190055059 a composite number?
True
Is 2387755 a composite number?
True
Is 39582727 composite?
True
Is 7986911 prime?
False
Is 510889 prime?
True
Is 1836881 composite?
True
Is 11755673 composite?
False
Is 4509073 a prime number?
True
Is 24583953 composite?
True
Is 96685999 a composite number?
False
Is 107200187 a composite number?
False
Is 111585163 composite?
False
Is 5916707 prime?
False
Is 55311479 a composite number?
False
Is 1025669 prime?
True
Is 7663465 a composite number?
True
Is 1536193 prime?
False
Is 2209861 prime?
False
Is 25100567 a prime number?
False
Is 20698051 prime?
False
Is 150328933 composite?
True
Is 290285327 a composite number?
True
Is 22415969 a prime number?
False
Is 98120723 a composite number?
False
Is 62994167 a prime number?
True
Is 21632671 composite?
False
Is 44047097 composite?
False
Is 2240881 a composite number?
True
Is 6134419 composite?
False
Is 4156277 a prime number?
True
Is 1150433 composite?
True
Is 6857527 a prime number?
True
Is 2001953 a composite number?
False
Is 2699009 a composite number?
False
Is 1125251 a prime number?
False
Is 18493087 a composite number?
True
Is 24083749 a prime number?
True
Is 889783 a prime number?
True
Is 258407873 a composite number?
False
Is 5763467 a composite number?
False
Is 1361111 composite?
True
Is 75864379 composite?
True
Is 56031211 a prime number?
True
Is 40549181 a prime number?
True
Is 3897331 composite?
False
Is 2938049 composite?
True
Is 53044307 a composite number?
False
Is 2012147 composite?
False
Is 11276959 a prime number?
True
Is 24469369 composite?
True
Is 16774201 a composite number?
False
Is 3520333 a prime number?
True
Is 5239109 a prime number?
False
Is 1121123 prime?
False
Is 6286957 a composite number?
True
Is 14013533 composite?
False
Is 22239257 composite?
True
Is 40486007 a composite number?
False
Is 163114891 composite?
False
Is 108082417 composite?
False
Is 99692458 composite?
True
Is 13644143 a prime number?
True
Is 564937 a composite number?
False
Is 6422501 a composite number?
False
Is 19816157 prime?
False
Is 14622649 a composite number?
False
Is 21705407 composite?
True
Is 1677835 a composite number?
True
Is 232511259 a prime number?
False
Is 6348857 prime?
False
Is 332687 a prime number?
True
Is 2420111 composite?
False
Is 1634231 a prime number?
True
Is 2600561 composite?
False
Is 470914579 a composite number?
False
Is 3087239 prime?
True
Is 278283 a composite number?
True
Is 9605413 composite?
True
Is 34362443 a composite number?
False
Is 212411 prime?
True
Is 2006539 a composite number?
True
Is 6658361 a composite number?
False
Is 19354771 prime?
True
Is 2377157 prime?
True
Is 11611981 a prime number?
True
Is 15888683 a prime number?
True
Is 147739495 composite?
True
Is 188206091 composite?
False
Is 4482031 prime?
True
Is 7106219 composite?
False
Is 8322233 composite?
False
Is 2284589 a composite number?
False
Is 20487949 a composite number?
True
Is 1405127 a prime number?
True
Is 30182767 prime?
False
Is 4638253 a prime number?
False
Is 215719 a prime number?
False
Is 38999621 a prime number?
True
Is 9120941 prime?
True
Is 52546981 prime?
True
Is 80823943 a composite number?
True
Is 8887223 a prime number?
False
Is 29091589 prime?
False
Is 54179371 a composite number?
False
Is 34054679 a prime number?
True
Is 43652261 composite?
False
Is 5273459 a composite number?
False
Is 9082873 prime?
False
Is 64023991 a prime number?
True
Is 5400